-7*m. List the prime factors of m.
2, 79
Suppose -v - 6 = 4*f - 8*f, 4*f - 2*v = 4. Suppose -n + 105 = -166. What are the prime factors of n + (-14 - -8) + f + 1?
2, 67
Suppose 4*j - v = -3*v - 10, -2*v = -2*j - 8. Suppose 10*t + 2 = 9*t. List the prime factors of (-4 - j)*158/t.
79
Let p(c) = 34*c**2 - 88*c + 276. What are the prime factors of p(23)?
2, 23, 353
Let y be ((21 - 19) + (-6)/1)*-11. Suppose -4*w + 4*f = -78 - 14, 0 = 2*w - 4*f - y. What are the prime factors of w?
2, 3
Let h = -17 + 70. Let g be 3/(-9)*(92 - -1). Let j = h + g. What are the prime factors of j?
2, 11
Suppose 2*d = 5*v - 1304 - 1426, -v + 5*d + 546 = 0. What are the prime factors of v?
2, 3, 7, 13
Suppose -5*y = 20, 5*f = -5*y - 2 + 7. Suppose 0 = -x - 2*k + 179 + 101, -f*k = -20. List the prime factors of x.
2, 17
Suppose -59*x + 42*x - 63*x + 66160 = 0. What are the prime factors of x?
827
Let p(l) = 10 - 2*l**2 + 14 - 17 + 3*l**2 + 5*l. Let s be p(-5). What are the prime factors of (98/6 - s)*6/4?
2, 7
Let n(r) = -407*r**3 + r**2 - 5*r - 7. List the prime factors of n(-2).
13, 251
Let d be 2*27*51 + (4 - 5). Suppose -6*g + d = 389. What are the prime factors of g?
2, 197
Suppose -3*o - 5*i - 5 = -1, o - 8 = 3*i. Let v be 3 - o/3*372. Let w = v - -440. What are the prime factors of w?
3, 5, 13
Suppose 31*p = 33*p - 430. Let s(k) = 5*k. Let y be s(-2). What are the prime factors of ((-4)/y)/(1/p)?
2, 43
Suppose -3*r = -3*t + r + 2796, -5*t + r + 4677 = 0. Let h = t + -353. What are the prime factors of h?
11, 53
Suppose 6*i - 4*i - 4*y = -22, 3*y - 4 = -i. Let r = 120 + 89. List the prime factors of r - 5/(0 + i).
2, 3, 5, 7
Suppose -85*k + 459259 + 218276 = 0. What are the prime factors of k?
3, 2657
Suppose 4*f = -4*i + 25736, 4*f + 2724 = i - 3730. What are the prime factors of i?
2, 3, 29, 37
Let d(m) = -4*m - 3. Suppose 5*i + 48 = 3. Let r be d(i). List the prime factors of r + -14 + (-1 - -3).
3, 7
Suppose -12 = 5*i - 22. Suppose -364 - 336 = -i*w. Suppose 7*n - 2*n = w. What are the prime factors of n?
2, 5, 7
Suppose -26029124 = -29*b - 290*b. What are the prime factors of b?
2, 20399
Let l be -3*84/9*2. Let o = -7 - -69. Let d = o + l. List the prime factors of d.
2, 3
Let s = -26 - -72. Suppose -42*z - 2072 = -s*z. Let m = z - 360. List the prime factors of m.
2, 79
Let a be ((-2)/3*-2)/(2/6). Suppose -a*o + 3*p - 40 = 0, p - 3*p = -3*o - 31. Let b(l) = -l**2 - 12*l + 22. What are the prime factors of b(o)?
3
Let y(o) = -1055*o - 316. List the prime factors of y(-64).
2, 53, 317
Let r(y) = -y + 11. Let n be r(4). Suppose n*j - 283 = 109. List the prime factors of j.
2, 7
Let j(l) = -l**3 - 2*l + 3. Let s be j(2). Let m be 16/(-12) + 24/s. List the prime factors of ((-78)/m)/((-2)/(-24)) + 0.
2, 3, 13
Suppose -13022*n = -13004*n - 438804. List the prime factors of n.
2, 3, 17, 239
Suppose -g + 2*q - 7 = 7*q, -3*g + 7 = q. Let t(n) = -8*n**2 + 6 + 23*n - 5*n - n - 12*n - 2*n**g. List the prime factors of t(-6).
2, 3, 5
List the prime factors of 9909/1 + (-6)/(-16)*16.
3, 5, 661
Let i = -32 + 44. Let t(l) = l**2 - 7*l + 21. Let n be t(i). Suppose 2*q + 23 = n. List the prime factors of q.
29
What are the prime factors of 5*(917532/195 - (-40)/130)?
2, 17, 173
Let w(x) be the first derivative of -9*x**4 + x - 30. What are the prime factors of w(-1)?
37
Suppose 6537 = -4*j - 15*x + 18*x, 5*x = 3*j + 4889. Let q = 2945 + j. What are the prime factors of q?
1307
Let a(b) = 34*b + 39. Suppose -2*h - 27 = -41. Let c be a(h). Suppose -x + 1219 = 4*l + c, 4*l - 938 = -3*x. List the prime factors of l.
2, 59
Suppose 0 = -4*c + 3*l + l, 0 = -5*c + l + 16. Suppose -4*i = -3*i - 4*s - 615, 5*i = c*s + 3075. Suppose 3*q - i = 39. What are the prime factors of q?
2, 109
Let v be 1520 - 0 - (-14 + 13). Let s = -99 + v. What are the prime factors of s?
2, 3, 79
Suppose -39836 + 215669 = 2*v + n, v - 87914 = 2*n. What are the prime factors of v?
2, 31, 709
Let b = 3851 - -1066. List the prime factors of b.
3, 11, 149
List the prime factors of (-16)/(-10) + 25839/(-30)*(189 - 197).
2, 1723
Suppose -1148029 = -25*b - 99*b - 432549. What are the prime factors of b?
2, 5, 577
Let n = -14923 - -17516. What are the prime factors of n?
2593
What are the prime factors of 1/((6 - (-4545)/(-756))/(-3))?
2, 3, 7
Let a(l) = -2*l + 14. Let b be a(9). Let m be b - 2/(4/(-14)). Suppose -2*p = -4*u - 192, 0*u - 473 = -5*p + m*u. What are the prime factors of p?
2, 47
Let a = -425 + 432. What are the prime factors of 875 - (2 + 28/a)?
11, 79
Let y = -19517 - -35859. List the prime factors of y.
2, 8171
Let p = 251 - -299. Suppose 4*f - 456 = -4*k, -f = 5*k - 0*f - p. List the prime factors of k + (-2 - 2 - -3).
2, 3
Let b = 154 - 152. Suppose -b*m - 3560 = -6*m. What are the prime factors of m?
2, 5, 89
Let n be ((-2642)/(-4))/((-2)/(-20)). What are the prime factors of (0 - n/(-15)) + (-4)/12?
2, 5, 11
Let b be (-2)/19 + (-1067913)/(-3059). Let t(o) = -5*o**3 - 1. Let n be t(-1). Suppose -5*v + n*v = 4*d - 701, 2*d = -v + b. What are the prime factors of d?
2, 11
Suppose 2*t - 41746 = -2*p, -19*t + 24*t = 4*p - 83447. List the prime factors of p.
2, 3, 37, 47
Let s be 24/(-3) + (0 - -6). List the prime factors of s + (-103 - 4)*-3.
11, 29
Let x = 11878 - 10241. List the prime factors of x.
1637
Suppose -152*m + 2736 = -165*m + 193602. List the prime factors of m.
2, 3, 2447
Suppose -5*n = 4*d - 3667, -231 = 4*d + 2*n - 3913. Let f = 2006 - d. List the prime factors of f.
3, 19
What are the prime factors of ((-7614)/(-648))/(3/9936)?
2, 3, 23, 47
Suppose -8*k + 9*k = 5. Suppose -a = k*m - 2048, 0 = -3*m - 2*m + a + 2052. What are the prime factors of m?
2, 5, 41
Let s be ((-688)/(-56) - 8/28)/(-1). What are the prime factors of (s/5)/((-18)/7155)?
2, 3, 53
Let u(x) = x**2 - 32*x + 112. Let g be u(28). Suppose -3*y + 12 + 111 = 2*s, g = -y - 3. List the prime factors of s.
2, 3, 11
Let v(p) = 679*p**2 + 133*p + 419. What are the prime factors of v(-3)?
6131
What are the prime factors of 21 + 1615/(-76) - 46993/4*-1?
2, 3, 11, 89
Let f be -1*(-2 + (660 - -2)). Let s be (-4)/14 + f/(-154). Suppose -s*l + 2064 = 4*l. List the prime factors of l.
2, 3, 43
Suppose -2*w - 1468 + 16884 = -0*w. List the prime factors of w.
2, 41, 47
Let c(l) = -27*l - 19. Let y = -19 - 7. Let g = y - -19. What are the prime factors of c(g)?
2, 5, 17
Suppose -30*y + 31*y - 721 = 0. Let b = y + -349. List the prime factors of b.
2, 3, 31
Let u = -53 - -58. Suppose -3*q + 5*q = 0. Suppose q = -u*a + 133 + 497. List the prime factors of a.
2, 3, 7
Suppose -46*j = -619973 - 360051 + 311920. List the prime factors of j.
2, 3631
Let p(o) = 89*o**2 - 62*o + 92. What are the prime factors of p(9)?
11, 613
Let g(p) = 7*p**2 + 51*p + 10. Let m(j) = 13*j**2 + 100*j + 19. Let l(f) = 11*g(f) - 6*m(f). List the prime factors of l(-17).
2, 5, 37
Suppose p = -9*p + 40. Suppose -y = j + 201, -p*y - j = j + 794. Let h = -108 - y. What are the prime factors of h?
2, 11
Suppose 5*y + 172 + 213 = 0. Let i = y - -483. What are the prime factors of i?
2, 7, 29
Suppose 17 = 5*j + h, 3*h + 11 = -j - 2*h. List the prime factors of j/(-8)*(2 + 0) + 712.
3, 79
Suppose 225512 - 55590 + 34153 = 45*f. What are the prime factors of f?
5, 907
Let x be ((-4)/3)/(-4)*12. Suppose x*y - 132 = -f, 3*y + y - 16 = 0. Suppose -6*t + 478 = -f. List the prime factors of t.
3, 11
Suppose -15 = -v - 10. Suppose -5*x + 4*x - 949 = -j, v*x = 4*j - 3800. What are the prime factors of j?
3, 5, 7
Let t = 362 + -366. What are the prime factors of 65/1 - (-9)/(-36)*t?
2, 3, 11
What are the prime factors of (-46 - -34)/((-16)/29292)?
3, 2441
Let b(o) = -o**3 + 5*o**2 + 2*o - 5. Let x be (-22)/(-5) + 18/30. Let h be b(x). Suppose 178 + 207 = h*w. List the prime factors of w.
7, 11
Suppose 1644 + 598 = -19*d. Suppose -3*r - 9 = 0, 5*k - 1010 + 148 = 4*r. Let z = d + k. What are the prime factors of z?
2, 13
Let j be (117/(-6))/(30/40). Let c be 2 + j/10 + 18/5. Suppose 0 = -c*l - l + 4*s + 128, -132 = -4*l + 3*s. What are the prime factors of l?
2, 3
Suppose -18*i - 1047 = -21*i. Let w = i + 417. What are the prime factors of w?
2, 383
Suppose 38 = 3*j + n, -4*j + 4*n + 25 = 1. Suppose j*m - 5506 - 1050 = 0. List the prime factors of m.
2, 149
Let q(m) = 9*m**2 - 11